)/(-20). Suppose 10*m - 24344 + g = 0. Is m a prime number?
False
Let c = 33 + -24. Suppose -c*j = -3351 - 69. Suppose 0 = 2*t - 494 - j. Is t composite?
True
Let o(s) be the second derivative of -s**7/2520 + s**6/18 - s**5/10 - 9*s**4/4 + 19*s. Let u(q) be the third derivative of o(q). Is u(17) prime?
True
Let g(n) = n**3 + 58*n**2 + 51*n - 343. Is g(-34) a composite number?
False
Suppose 106 = -3*p + 274. Let h be 4 - (-145)/10*p. Let m = h + -353. Is m a prime number?
True
Let b(k) = -5*k**2 + 9*k + 4. Let g be b(-4). Let x be (-10)/(-4)*g/(-70). Suppose 5502 = 18*f - x*f. Is f a composite number?
True
Suppose -13*b + l = -9*b - 18805, 14112 = 3*b + 2*l. Suppose 33010 = 4*t - 3*x, -t + 3*x + 12959 = b. Is t a composite number?
True
Let q(z) = z**3 - 4*z**2 - 13*z + 4. Let t be q(6). Let w(j) = -7*j - 14. Let d be w(t). Suppose d = -16*s + s + 14685. Is s prime?
False
Suppose 4*t = -8, -m - 5*t - 2 - 5 = 0. Suppose -4*q - 4360 = 2*p - 44604, -p = -m*q + 30183. Is q a prime number?
True
Suppose -39*d = -44*d + 20. Suppose 0*o - 2*n - 35702 = -d*o, -3*o - n + 26764 = 0. Is o composite?
False
Let a(t) = -2446*t**3 + 4*t**2 + 55*t + 13. Is a(-4) a prime number?
False
Let r(t) be the second derivative of -248*t**3/3 + 5*t**2/2 + 142*t. Is r(-8) a composite number?
True
Let i(l) = 1225*l**3 - 4*l**2 + 6*l - 19. Is i(3) a composite number?
True
Is ((-12)/(-3))/1*((-11770875)/60)/(-25) prime?
False
Suppose -2*a + 11004 = -126. Suppose 171 - a = -6*h. Is h a prime number?
False
Let t(j) = 284*j**2 + 105*j + 3596. Is t(-41) a prime number?
False
Suppose -8*h = 9*h - 17. Let i(c) = 56*c + 68*c + 426*c + 2 + 95*c. Is i(h) a composite number?
False
Let g(o) = 5584*o - 125. Is g(6) a prime number?
False
Let k(y) = -y**3 + 21*y**2 - 55*y - 17. Let s be k(14). Let o be 14/5 + (-2)/(-10). Suppose -4*v = -o*v + l - s, -4*v + 4*l = -2324. Is v composite?
True
Suppose -5*g = -2*g - 9, -4*m + g = -9. Is (-2)/m*103089/(-14) a prime number?
True
Let g = -76804 - -44842. Is -1 - g - -5 - (2 + -3) a composite number?
True
Let a(v) = 2816*v**2 - 40*v - 173. Is a(-5) prime?
False
Suppose -8*r = -3*r + 4*q - 12578, 0 = -5*r + q + 12568. Suppose 3*t - 3520 = 5*h + 247, -2*t = -2*h - r. Is t prime?
True
Suppose -112*v = x - 107*v - 72122, 0 = -2*v - 10. Is x a prime number?
False
Let z(a) = a**2. Let n(j) = j**3 - 13*j**2 + 9*j + 13. Let d(q) = n(q) + 2*z(q). Let i be d(10). Suppose i*g - g = 1114. Is g composite?
False
Let d = -47343 + 122476. Is d a prime number?
True
Suppose -3*b + 31 - 25 = 0. Suppose -1561 + 5859 = b*w. Suppose -7*t + w = -0*t. Is t prime?
True
Suppose 0*g - 4*g - 20 = 0. Let z(s) be the second derivative of 25*s**4/12 - 8*s**3/3 + 2*s**2 + 126*s. Is z(g) prime?
True
Suppose -5*o - p - 176 = 0, 2*p + 64 = -3*o + o. Is o/(-306) + 9602*(-41)/(-34) a composite number?
False
Let o = -24 + 24. Let j be (8/(-32) - o) + (-18)/(-8). Suppose j*p - 159 = -p. Is p prime?
True
Let c(w) = -1406*w**3 - 47*w**2 - 2*w - 13. Is c(-4) prime?
True
Let m = 2 - 695. Let k = 7162 + m. Is k composite?
False
Suppose -5*w - 3*y - 65 = -w, 61 = -5*w + 3*y. Let h be 2 + (-33954)/(-14) + 4/w. Suppose 3*s + b - h = 0, b = -4*s + 4*b + 3236. Is s a composite number?
False
Let v(j) be the first derivative of 8/3*j**3 - 13 + 15*j + 2*j**2. Is v(8) a prime number?
False
Let q be (-1 - (6 + -8)) + (-1 - 0). Suppose -10*b + 6*b + 2116 = q. Is b a composite number?
True
Let o = 8 + -2. Suppose 24112 = 20*m - 5428. Suppose -13*z = -o*z - m. Is z composite?
False
Suppose 3*u = -3*x + 8*x - 11981, -u = 2*x - 4788. Suppose 5*p - 2910 = x. Is p a composite number?
False
Suppose 19552 = -0*j + 4*j. Let f(o) = -187*o + 277. Let q be f(18). Let a = j + q. Is a prime?
False
Let o = -3661 - 4297. Let i = -3600 - o. Is i a prime number?
False
Suppose 0 = z + 6*z. Let r(d) = d**3 + 4*d**2 - d + 223. Is r(z) composite?
False
Let v(u) = 300*u**3 - 2*u**2 + u + 1. Let o(t) = t + 18. Let i be o(-16). Let l be v(i). Is 1/((-2390)/l - -1) a composite number?
False
Let k = 41105 + -37996. Is k a composite number?
False
Suppose 2*h + 3 = 9. Let s be (h + -1 - 2) + 1 + -4. Let k(l) = -891*l - 16. Is k(s) a composite number?
False
Let w be (-4201)/(-2)*22/11. Suppose 3*b - w = 7*p - 2*p, 0 = 2*p - 2. Is b a prime number?
False
Is ((-27)/(-18))/(63/3843966) a composite number?
True
Let m(c) be the third derivative of 14*c**5/15 + 3*c**4/4 + 19*c**3/6 + 7*c**2. Is m(-12) a composite number?
False
Let l(k) = 7*k - 12. Suppose 277 = 4*v + 4*y - 191, 4*v - 492 = 4*y. Let m = 143 - v. Is l(m) composite?
False
Suppose 4*b - 86373 = -q, -172733 = -1276*q + 1274*q + 5*b. Is q prime?
True
Let m = 565977 - 236644. Is m a composite number?
False
Suppose 0 = -3*y + 8*y + 10. Let o be (-5)/(-2 + 8 - 4)*y. Suppose -3*d - o*w + 628 = 0, -w = -d + 157 + 55. Is d prime?
True
Let k(v) = 1410*v**2 - 83*v - 191. Is k(-14) composite?
False
Let a(t) = -235*t + 3. Let p be a(6). Let l = 440 - 198. Let x = l - p. Is x a composite number?
True
Let n(w) = 2*w + 2. Let a be n(4). Suppose 28828 + 44882 = 9*q. Suppose q + 760 = a*v. Is v prime?
False
Suppose -19*g + 1083 = 28652. Let s = 5314 + g. Is s a composite number?
False
Suppose 4*v + 127*z = 131*z + 786864, 2*z = -5*v + 983531. Is v prime?
True
Let n be (3/(-12))/((-11)/44). Let d be n/((-1)/(2 - -4)). Let k(y) = -1095*y - 49. Is k(d) a composite number?
False
Let t be -2 + 1 + 23 + (-2)/(-1). Suppose 5*a - 8*a + t = 0. Is (722/a + (-4)/(-4))*4 prime?
False
Let u(r) = 399*r**3 + 8*r**3 - r**2 + 1 + 347*r**3 + 776*r**3 + r. Let x(g) = -g**2 - 2*g. Let v be x(-1). Is u(v) a prime number?
True
Is (-2)/(64/(-120))*34068 - -8 a prime number?
True
Suppose 0 - 15 = -3*j. Suppose 5*t - 2*t + 999 = -k, 0 = 4*t - j*k + 1313. Let u = t + 533. Is u composite?
True
Suppose -f - 5*y = 3*f - 328584, -3*f + 246461 = -2*y. Is f composite?
True
Let d(k) = -53*k**3 + 6*k**2 + 76*k - 492. Is d(-11) composite?
False
Suppose 65 = 13*a - 0*a. Let h be 3/a - 537159/(-35). Suppose h = 6*r - 4446. Is r prime?
True
Suppose -77002 = -c - v, -200797 = -2*c + 5*v - 46786. Is c a composite number?
False
Is 13/((-104)/(-12))*(21 - -60425) prime?
False
Suppose 3*g - 68*q - 34970 = -69*q, 0 = 2*g - 5*q - 23319. Is g a composite number?
False
Suppose 0 = -12*s + 408 + 840. Let d = -102 + s. Suppose -352 = d*a - 2894. Is a composite?
True
Suppose 511631 + 1102946 = 33*l - 7212494. Is l a composite number?
True
Is ((-336)/132)/14 - 7/(154/(-23827302)) a composite number?
False
Let w(z) = -z**3 + 4*z**2 + 4*z + 52. Let c be w(-10). Is 0 - c/(-6) - (-75)/(-225) a composite number?
True
Suppose -62 = -15*w + 13. Suppose d - 547 = -3*z, -w*d + 2154 = -d - 5*z. Is d composite?
False
Suppose 5*g = 3*p - 1571591, 4*p - p - g = 1571599. Is p composite?
False
Suppose -40*p + 44*p - 4 = 0. Let z(v) = 878*v**2 - v. Is z(p) composite?
False
Suppose 2*y - 3472 - 7750 = 0. Let x = y - -2375. Suppose -2*f - i = 988 - 8970, 2*i - x = -2*f. Is f a composite number?
False
Is (-21)/28*22894612/(-39) prime?
True
Let a = 1819151 - 987009. Is a composite?
True
Let g(n) = -553*n + 606439. Is g(0) composite?
True
Let n = -29 - -36. Suppose -k - 4*s + s = -3, -5*s = k + n. Let i(c) = c**3 - 15*c**2 - 21*c - 8. Is i(k) a composite number?
True
Suppose -46717 = -9*g + 38882. Is g a composite number?
False
Suppose 3 - 31 = -4*w. Suppose 0 = -w*o + 17097 + 1124. Let f = 4656 - o. Is f composite?
False
Let u(d) = -d**2 - 11*d + 46. Let y be u(-15). Is (-385320)/(-273) + 6/y composite?
True
Let k be (723/1)/((-15)/(-220)). Suppose 0 = -5*r - 4*h + 12861, -5*r = -h - 2237 - k. Is r prime?
False
Let x = 34722 - 23727. Let t = -6032 + x. Is t prime?
False
Let p(n) = 2*n**2 - 76*n + 74. Let j be p(37). Suppose 8206 = 4*i + 3*g, j = -4*i + 3*g + 2969 + 5249. Is i composite?
False
Let u(y) = -y**2 + 33. Let l = -77 - -80. Suppose -4*z + 20 = -4*b, -l*z - 4*b = z + 20. Is u(z) a prime number?
False
Suppose -p = -4*s + 2*p + 4, 0 = -2*s + 2*p + 2. Let i = 6 - s. Let j(z) = 3*z**3 + z**2 - z + 12. Is j(i) a prime number?
False
Suppose 0 = 2*s - 5*s + 5*o - 7515, 3*o - 12525 = 5*s. Let r = 4898 + s. Is r prime?
True
Let j be 10032/(-27) - 28/63. Let o = j + 821. Is o a prime number?
True
Let p(i) be the second derivative of 65*i**4/4 - i**3/2 - 7*i*